)/(-4). Let z be o/16 - (-14)/4. Suppose 3*m + 33 = z*k - 18, 2*k - 49 = 5*m. What are the prime factors of k?
2, 3
Let a(m) = -408*m - 5. What are the prime factors of a(-3)?
23, 53
Suppose -4*g + 4 = -0. What are the prime factors of (-236)/8*(-1 - g)?
59
Let k(j) be the first derivative of j**2/2 + 10*j + 11. What are the prime factors of k(5)?
3, 5
Let d = -256 - -115. List the prime factors of (-3)/9*d*1.
47
Let a(g) = g**3 + 14*g**2 + 3*g - 20. Suppose 9*c = 4*c + m - 60, 5*c - 5*m = -40. List the prime factors of a(c).
2, 5, 11
Suppose 121 = 2*p - 287. Suppose 3*q + 0*q = p. Suppose q = 5*z - 87. What are the prime factors of z?
31
Let h(f) = -2*f**3 + 17*f**2 + f + 9. Let z be h(8). List the prime factors of (2/(-3))/((-2)/z).
3
Let c = -164 + 278. What are the prime factors of 8/6*c/1 + 1?
3, 17
Suppose 0*c = 3*c - 6. Let y = c - 2. What are the prime factors of 0/(-11) - (y + -17)?
17
Let o be (-51)/9 - 2/6. Let c be (-123)/o - (-4)/8. Suppose -c = -2*z - z. List the prime factors of z.
7
Let s be 2 + -3 - (0 - 5). List the prime factors of 690/s - 15/(-6).
5, 7
Let x = 1965 + -1280. What are the prime factors of x?
5, 137
Let b be 1/3 + (-2282)/(-21). Let d = b - 35. What are the prime factors of d?
2, 37
Suppose 352 = 3*p - 2*c, -5*c - 144 = -3*p + 196. List the prime factors of 258/8*p/45.
2, 43
Let w = 21 + -23. Let g be 0 + (2 - w) - 7. List the prime factors of 16 + g/(12/4).
3, 5
Let c = 1 + -17. Let a = c + 42. What are the prime factors of a?
2, 13
What are the prime factors of (528/(-5))/(7*15/(-1575))?
2, 3, 11
Suppose 0 = -31*p + 33*p - 8. Suppose p*l - 233 = l + w, -w - 79 = -l. What are the prime factors of l?
7, 11
Suppose 80*t = 83*t - 75. Suppose -t = -5*n + 5*m - 3*m, 3*n - 15 = -3*m. List the prime factors of n.
5
Let n be -18*(-6)/(7/2 - -1). Suppose 26*i - 28 = n*i. List the prime factors of i.
2, 7
Suppose -2*d + 5432 = -2*r, 97*d - 2*r = 100*d - 8163. What are the prime factors of d?
2719
Let u = -61 - -233. List the prime factors of u.
2, 43
Let j = 102 + 5. Let u = j + -54. Let v = u + -35. List the prime factors of v.
2, 3
Let d = 162 - 53. Suppose d = 5*p - 5*w - 36, -140 = -5*p + 4*w. What are the prime factors of p?
2, 3
Let l(s) = -3*s**3 + 7*s**2 + 2*s - 7. Let j be l(5). Let a = j + 463. What are the prime factors of a?
2, 7, 19
Suppose c = 2*c - 5. Suppose 2*p = -3*n, -4 = c*n + 4*p - 2. Suppose -b + n*w + 25 = 0, 2*w - 3 + 1 = 0. List the prime factors of b.
3
Let m = -472 + 639. What are the prime factors of m?
167
Let b(x) = -x**3 + 3*x**2 - x + 787. What are the prime factors of b(0)?
787
Let d = 360 - 191. List the prime factors of d.
13
Let v = 89 + -86. Suppose 2*b + 6*c - v*c = 219, -2*b - 5*c = -229. List the prime factors of b.
2, 3, 17
Let v = 80 - 57. Let w = 84 + v. List the prime factors of w.
107
Let d(r) = -r**2 + 2*r - 48. Let p(x) = 3*x**2 - 5*x + 145. Let g(m) = -7*d(m) - 2*p(m). What are the prime factors of g(-8)?
2, 71
Suppose -5*i = -3*q - 25, 0 = -q - 4*i + 19 + 1. What are the prime factors of (-12 - q)*748/(-66)?
2, 17
Suppose -55 = -8*c + 81. Suppose -m + 21 + 2 = 0. Suppose 2*i = m + c. List the prime factors of i.
2, 5
Let d be (-12)/(-9) - (-2)/3. Let w be (2/4)/(4/8). List the prime factors of 28*d*w/2.
2, 7
Let x(s) = s**3 + 8*s**2 + 2*s - 5. Let h be (15/12)/((-2)/(-16)). Suppose 0 = r + r + h. List the prime factors of x(r).
2, 3, 5
Suppose 0 = 34*m - 32*m - 774. What are the prime factors of m?
3, 43
Let p = 209 + -126. Suppose -4*m + 0*i = -5*i + 90, -4*i - p = 3*m. Let v = m + 42. List the prime factors of v.
17
Let u(s) = -s**3 + 10*s**2 - 10*s + 1. Let a be u(9). List the prime factors of -4*(-4)/a - -5.
3
Suppose -6*j + 2*j = 68. Let g = j + 18. Suppose -r - 5*b = -25, -45 = -2*r - 4*b - g. List the prime factors of r.
2, 5
Suppose -2*u = -3*u + 12. Suppose 3*y = 3*r - 0*r - 18, 0 = 3*r - y - u. Suppose h + h + q = 9, r*h = q + 26. List the prime factors of h.
7
Let r(o) = -3*o**2 - o + 1. Let p be r(-9). Let x = -105 - p. List the prime factors of x.
2
Let i(a) = -a + 12. Let r be i(7). Suppose 0 = r*l - 186 - 189. What are the prime factors of l?
3, 5
Let s(j) = 42*j + 5. List the prime factors of s(39).
31, 53
Let b(m) = 142*m - 29 + 0 - 1 - 163*m. List the prime factors of b(-6).
2, 3
Suppose 103*g = 83*g + 47420. List the prime factors of g.
2371
Let h(i) = i**3 - 6*i**2 + 8*i - 7. Let d be h(5). Let p = d - -51. Let j = -36 + p. What are the prime factors of j?
23
Suppose -14*q = -2111 - 26337. What are the prime factors of q?
2, 127
Suppose -41 = -4*i + m, -5*i - m = -2*m - 52. Suppose -i - 89 = -2*c. List the prime factors of c.
2, 5
Suppose -5*n = -5*q + 1145, -5*q - 5*n + 133 = -972. List the prime factors of q.
3, 5
Let j(k) = -k**2 + 15*k - 15. Let o be j(14). What are the prime factors of ((-121)/(-2))/(o/(-2))?
11
List the prime factors of 14*1057/14 - (12 + -6).
1051
Let p(r) = 6*r**2 + 3*r - 7. Let o = -46 - -41. Let x(t) = -t**3 - 4*t**2 + 2*t - 12. Let i be x(o). List the prime factors of p(i).
2, 7
Suppose -2*o + 3*o - 85 = -2*i, 3*i + 2*o = 125. Suppose z + i - 292 = 0. What are the prime factors of z?
13, 19
What are the prime factors of ((10/(-3))/(-1))/((-91)/(-20202))?
2, 5, 37
Let j(h) = 2*h**2 + 52*h + 4. Let d be j(-26). Suppose -d*c + 28 = -2*y + 6*y, -4*c + 28 = -5*y. List the prime factors of c.
7
Let y(c) = 2*c**3 - c. Let u be y(1). What are the prime factors of (-435)/(-7) - u/7?
2, 31
Let c be -1*4/(-12)*597. Let j = c - 72. List the prime factors of j.
127
Let s(n) = -n**2 - 6*n + 96. Let m be s(-13). Let j(c) = -c + 90. Let a be j(0). Suppose -4*b = -l + 85, 3*l = 2*l + m*b + a. List the prime factors of l.
5, 13
Let r(a) = -2*a + 5. Let j be r(0). Suppose 10 = n + 2*g, j*g - 9 = -n + 10. Suppose n*m = 8*m - 312. List the prime factors of m.
2, 3, 13
Let d(m) = m**3 + 8*m**2 - 9*m + 4. Let q be d(-9). Let n be 10 - (q + 0 - 3). Suppose 5*w = 4*x - 123, n = -6*w + 3*w. List the prime factors of x.
3
Let t be 9/(-6)*8*2/(-6). Suppose g = -t*v - 1, 2*g = 3*v + 23 + 19. List the prime factors of g.
3, 5
Let o = 15 + -12. Suppose -5*s - 5*j + 70 = -0*s, -3*s = -o*j - 12. What are the prime factors of s?
3
Suppose -2*i = -4*i + 4. Suppose 271 - 87 = i*c + 5*s, s - 192 = -2*c. List the prime factors of c.
97
Suppose -3*w = -3*a + 165, -3*w = -w + 3*a + 90. What are the prime factors of w/(-4 + 3) + 4?
5, 11
Suppose 0 = 2*c, -5*v + c + 312 = -643. What are the prime factors of v?
191
Suppose -3 = -c + 2. Suppose 5*t - 94 = 2*p, 5*t + c*p - 41 = 39. List the prime factors of t.
2, 3
List the prime factors of (7 + -3 + 966)/2.
5, 97
Suppose 6*y - 3*n = 3*y - 6, 0 = -2*y + 4*n - 2. Let p be (16/4 - 13) + y. What are the prime factors of (p/(-16))/(1/36)?
3
List the prime factors of -2 + -1*(-63)/7 + 1507.
2, 757
Let c(s) = 2*s - 9. Let r be c(5). Let l = 6 - r. Let p(g) = g**3 - 4*g**2 - 4*g + 2. List the prime factors of p(l).
7
Suppose p = 6*p - 25. Suppose -2 + 12 = p*g + 5*b, 0 = 3*g - 2*b + 14. List the prime factors of (-1 - -39)/(g/(-1)).
19
Suppose -2*h = 16*h - 90090. List the prime factors of h.
5, 7, 11, 13
Let z be -2*1/3*-15. Let x be (-1)/2*24/12. Let c = z + x. List the prime factors of c.
3
Let y(z) = z**3 + z**2 - 2*z + 22. Suppose -l - 9 = -7. Let b(o) = -o**3 - 2*o**2 + 2*o + 4. Let s be b(l). List the prime factors of y(s).
2, 11
Let m(x) be the first derivative of x**3/3 - 3*x + 8. Let y be m(0). List the prime factors of 72*(6 + y - 2).
2, 3
Suppose -9*s + 1626 = -759. What are the prime factors of s?
5, 53
Suppose 16*b = 12854 + 5242. List the prime factors of b.
3, 13, 29
What are the prime factors of (-31)/(155/(-100)) + 6?
2, 13
What are the prime factors of ((-1534)/4)/((-60)/8 + 7)?
13, 59
Suppose 2*y - 5*k = 213, 0*y - 3*k = -4*y + 419. Suppose -y = -4*i - 0*i. Let h = i + -19. List the prime factors of h.
7
Let t(r) = -24*r + 1. Let k(n) = 73*n - 3. Let w(z) = 4*k(z) + 14*t(z). Let g be w(2). Let c = -49 - g. What are the prime factors of c?
37
Let v be 3 + -7 + -3 + -1. Let w be 6 + -2 + (v - -5). Let k = w + 47. What are the prime factors of k?
2, 3
Let y(p) = 78*p**2. Let d be y(-1). List the prime factors of (-8 - -5) + d/1.
3, 5
Let a = 49 - 51. What are the prime factors of (559/(-52))/(a/8)?
43
L